{"id":404,"date":"2025-03-18T17:14:03","date_gmt":"2025-03-18T16:14:03","guid":{"rendered":"https:\/\/casapolska.com\/super\/?page_id=404"},"modified":"2025-10-02T11:37:45","modified_gmt":"2025-10-02T16:37:45","slug":"nosotros","status":"publish","type":"page","link":"https:\/\/casapolska.com\/super\/nosotros\/","title":{"rendered":"Nosotros"},"content":{"rendered":"\n<div style=\"height:22px\" aria-hidden=\"true\" class=\"wp-block-spacer\"><\/div>\n\n\n\n<h2 class=\"wp-block-heading has-text-align-left\"><strong><span class=\"resaltado\">Voces l\u00facidas<\/span> para un mundo complejo.<\/strong><\/h2>\n\n<style>\n.resaltado {\n  font-weight: 700;\n  color: #111;\n  background-image: linear-gradient(120deg, #f6e05e 0%, #f6e05e 100%);\n  background-repeat: no-repeat;\n  background-size: 100% 0.5em; \/* grosor del plum\u00f3n *\/\n  background-position: 0 80%; \/* posici\u00f3n debajo del texto *\/\n}\n\n<\/style>\n\n\n\n<p class=\"has-text-align-left\" style=\"font-size:17px\">En<strong>&nbsp;Casa Polska&nbsp;<\/strong>creemos en el poder de las ideas para transformar vidas. Somos m\u00e1s que un espacio editorial; somos un punto de encuentro para mentes curiosas, un lugar donde los pensamientos profundos se convierten en faros que iluminan los aspectos m\u00e1s relevantes de la existencia.<\/p>\n\n\n\n<div class=\"fondo-franja\">\n  <div class=\"overlay\"><\/div>\n  <div class=\"contenido-franja\">\n   \n    <div class=\"leyenda\">Pensar es resistir.<\/div>\n  <\/div>\n<\/div>\n\n\n\n<style>\n.fondo-franja {\n  position: relative;\n  width: 100%;\n  height: 380px; \/* altura de la franja *\/\n  background: url('http:\/\/casapolska.com\/super\/wp-content\/uploads\/sites\/4\/2025\/09\/faro.png') no-repeat center center\/cover;\n  overflow: hidden;\n}\n\n.fondo-franja .overlay {\n  position: absolute;\n  top: 0;\n  left: 0;\n  width: 100%;\n  height: 100%;\n  background-color: rgba(0, 0, 0, 0.3); \/* overlay semitransparente *\/\n  z-index: 0;\n}\n\n.contenido-franja {\n  position: relative;\n  z-index: 1;\n  width: 100%;\n  height: 100%;\n  text-align: center;\n  padding-top: 60px;\n  color: #fff;\n}\n\n.contenido-franja h1 {\n  margin: 0;\n  font-size: 2rem;\n}\n\n.contenido-franja p {\n  margin: 5px 0 0;\n  font-size: 1rem;\n}\n\n\/* Leyenda en la parte inferior izquierda *\/\n.contenido-franja .leyenda {\n  position: absolute;\n  bottom: 10px;\n  left: 20px;\n  background-color: rgba(0, 0, 0, 0.5);\n  padding: 5px 10px;\n  border-radius: 5px;\n  font-size: 0.95rem;\n  color: #fff;\n}\n.resaltado {\n  position: relative;\n  font-weight: 700; \/* opcional, para resaltar m\u00e1s *\/\n  color: #111; \/* color del texto *\/\n}\n\n.resaltado::after {\n  content: '';\n  position: absolute;\n  left: 0;\n  bottom: 3px; \/* distancia del texto *\/\n  width: 100%;\n  height: 0.4em; \/* grosor del plum\u00f3n *\/\n  background: #f6e05e; \/* color del resaltado tipo plum\u00f3n *\/\n  z-index: -1;\n  transform: rotate(-2deg); \/* efecto ligeramente inclinado *\/\n  border-radius: 2px;\n}\n<\/style>\n\n\n\n<p class=\"has-text-align-left\" style=\"font-size:17px\">Nuestra esencia se construye a trav\u00e9s de <span class=\"resaltado\">art\u00edculos rigurosos, series literarias cautivadoras y narraciones<\/span>  de alta calidad que abordan una amplia gama de temas. Cada texto es una invitaci\u00f3n a reflexionar, a aprender y, en \u00faltima instancia, a tomar decisiones m\u00e1s conscientes e informadas en tu d\u00eda a d\u00eda.<\/p>\n\n\n\n<p class=\"has-text-align-left\" style=\"font-size:17px\">Nacimos con una misi\u00f3n clara:&nbsp;<strong>reunir las voces m\u00e1s l\u00facidas e influyentes del mundo hispano y global.<\/strong>&nbsp;Aquellas que, con su expertise y perspectiva \u00fanica, est\u00e1n definiendo el rumbo de nuestro futuro. Promovemos y amplificamos ideas que merecen ser escuchadas, con el firme prop\u00f3sito de que lleguen a miles de personas como t\u00fa.<\/p>\n\n\n\n<p class=\"has-text-align-left\" style=\"font-size:17px\">En Casa Polska, te acompa\u00f1amos en tu camino hacia una vida m\u00e1s informada, capacitada y empoderada. Porque creemos que el conocimiento, cuando se comparte, nos hace m\u00e1s libres.<\/p>\n\n\n\n<h2 class=\"wp-block-heading\"><strong>Profundidad para este siglo.<\/strong><\/h2>\n\n\n\n<p style=\"font-size:17px\">En la era digital, la saturaci\u00f3n de informaci\u00f3n es la nueva norma. Estamos inmersos en un oc\u00e9ano de contenidos superficiales: res\u00famenes r\u00e1pidos, comentarios ef\u00edmeros en redes y textos generados autom\u00e1ticamente que, aunque accesibles, carecen de rigor y profundidad. <\/p>\n\n\n\n<div class=\"seccion-banner\">\n  <div class=\"capa-filtro\"><\/div>\n  <div class=\"contenido-banner\">\n   \n    <div class=\"nota\">Pensamiento y narraci\u00f3n que inspiran.<\/div>\n  <\/div>\n<\/div>\n\n<style>\n.seccion-banner {\n  position: relative;\n  width: 100%;\n  height: 380px; \/* altura del banner *\/\n  background: url('http:\/\/casapolska.com\/super\/wp-content\/uploads\/sites\/4\/2025\/09\/nosotros-casa-polska-2.png') no-repeat center center\/cover;\n  overflow: hidden;\n}\n\n.seccion-banner .capa-filtro {\n  position: absolute;\n  top: 0;\n  left: 0;\n  width: 100%;\n  height: 100%;\n  background-color: rgba(0, 0, 0, 0.3); \/* filtro semitransparente *\/\n  z-index: 0;\n}\n\n.contenido-banner {\n  position: relative;\n  z-index: 1;\n  width: 100%;\n  height: 100%;\n  text-align: center;\n  padding-top: 60px;\n  color: #fff;\n}\n\n.contenido-banner h1 {\n  margin: 0;\n  font-size: 2rem;\n}\n\n.contenido-banner p {\n  margin: 5px 0 0;\n  font-size: 1rem;\n}\n\n\/* Texto en la parte inferior izquierda *\/\n.contenido-banner .nota {\n  position: absolute;\n  bottom: 10px;\n  left: 20px;\n  background-color: rgba(0, 0, 0, 0.5);\n  padding: 5px 10px;\n  border-radius: 5px;\n  font-size: 0.95rem;\n  color: #fff;\n}\n\n.destacado {\n  position: relative;\n  font-weight: 700; \/* opcional, para resaltar m\u00e1s *\/\n  color: #111; \/* color del texto *\/\n}\n\n.destacado::after {\n  content: '';\n  position: absolute;\n  left: 0;\n  bottom: 3px; \/* distancia del texto *\/\n  width: 100%;\n  height: 0.4em; \/* grosor del plum\u00f3n *\/\n  background: #f6e05e; \/* color del resaltado tipo plum\u00f3n *\/\n  z-index: -1;\n  transform: rotate(-2deg); \/* efecto ligeramente inclinado *\/\n  border-radius: 2px;\n}\n<\/style>\n\n\n\n\n<p style=\"font-size:17px\">Esta <strong>sobreabundancia <\/strong>ha diluido el valor del verdadero conocimiento, favoreciendo la inmediatez sobre la reflexi\u00f3n y la veracidad.<\/p>\n\n\n\n<div class=\"solo-pc\">\n\n\n\n<div class=\"wp-block-columns is-layout-flex wp-container-core-columns-is-layout-9d6595d7 wp-block-columns-is-layout-flex\">\n<div class=\"wp-block-column is-layout-flow wp-block-column-is-layout-flow\">\n<p><strong>Las consecuencias son claras:<\/strong> una creciente desinformaci\u00f3n que influye en nuestras decisiones m\u00e1s importantes. Cuando el contenido se prioriza por su velocidad y no por su veracidad, nuestra capacidad para discernir y elegir con fundamento se ve gravemente afectada.<\/p>\n\n\n\n<p>Frente a este panorama, Casa Polska se erige como un espacio de resistencia intelectual. Nuestra misi\u00f3n es rescatar y reunir aquellas voces autorizadas que aporten claridad frente al ruido.<\/p>\n<\/div>\n\n\n\n<div class=\"wp-block-column is-layout-flow wp-block-column-is-layout-flow\">\n<p>Nos dedicamos a promover <strong><span class=\"resaltado\">art\u00edculos rigurosos, libres de sesgos, extremismos o intereses ideol\u00f3gicos<\/strong><\/span> , con un solo prop\u00f3sito: brindarte las herramientas para que tomes decisiones informadas y conscientes en tu vida.<\/p>\n\n\n\n<p>En un mundo de opiniones ligeras, nosotros defendemos el valor del pensamiento profundo.<\/p>\n<\/div>\n<\/div>\n\n\n\n<\/div>\n\n\n\n<div class=\"solo-movil\">\n\n\n\n<p><strong>Las consecuencias son claras:<\/strong>&nbsp;una creciente desinformaci\u00f3n que influye en nuestras decisiones m\u00e1s importantes. Cuando el contenido se prioriza por su velocidad y no por su veracidad, nuestra capacidad para discernir y elegir con fundamento se ve gravemente afectada.<\/p>\n\n\n\n<p>Frente a este panorama, Casa Polska se erige como un espacio de resistencia intelectual. Nuestra misi\u00f3n es rescatar y reunir aquellas voces autorizadas que aporten claridad frente al ruido. <\/p>\n\n\n\n<p>Nos dedicamos a promover <strong><span class=\"resaltado\">art\u00edculos rigurosos, libres de sesgos, extremismos o intereses ideol\u00f3gicos<\/strong><\/span> , con un solo prop\u00f3sito: brindarte las herramientas para que tomes decisiones informadas y conscientes en tu vida.<\/p>\n\n\n\n<p>En un mundo de opiniones ligeras, nosotros defendemos el valor del pensamiento profundo.<\/p>\n\n\n\n<\/div>\n\n<style>\n\/* Por defecto los ocultamos *\/\n.solo-pc {\n  display: none;\n}\n.solo-movil {\n  display: none;\n}\n\n\/* Mostrar en pantallas grandes (ejemplo: >= 768px) *\/\n@media (min-width: 768px) {\n  .solo-pc {\n    display: block; \/* o flex, grid, lo que necesites *\/\n  }\n}\n\n\/* Mostrar en pantallas peque\u00f1as (ejemplo: <= 767px) *\/\n@media (max-width: 767px) {\n  .solo-movil {\n    display: block; \/* o flex, grid... *\/\n  }\n}\n<\/style>\n\n","protected":false},"excerpt":{"rendered":"<p>Voces l\u00facidas para un mundo complejo. En&nbsp;Casa Polska&nbsp;creemos en el poder de las ideas para transformar vidas. Somos m\u00e1s que un espacio editorial; somos un&#8230;<\/p>\n","protected":false},"author":1,"featured_media":0,"parent":0,"menu_order":0,"comment_status":"closed","ping_status":"closed","template":"","meta":{"_acf_changed":false,"footnotes":""},"class_list":["post-404","page","type-page","status-publish","hentry","entry","simple"],"acf":[],"_links":{"self":[{"href":"https:\/\/casapolska.com\/super\/wp-json\/wp\/v2\/pages\/404","targetHints":{"allow":["GET"]}}],"collection":[{"href":"https:\/\/casapolska.com\/super\/wp-json\/wp\/v2\/pages"}],"about":[{"href":"https:\/\/casapolska.com\/super\/wp-json\/wp\/v2\/types\/page"}],"author":[{"embeddable":true,"href":"https:\/\/casapolska.com\/super\/wp-json\/wp\/v2\/users\/1"}],"replies":[{"embeddable":true,"href":"https:\/\/casapolska.com\/super\/wp-json\/wp\/v2\/comments?post=404"}],"version-history":[{"count":93,"href":"https:\/\/casapolska.com\/super\/wp-json\/wp\/v2\/pages\/404\/revisions"}],"predecessor-version":[{"id":1832,"href":"https:\/\/casapolska.com\/super\/wp-json\/wp\/v2\/pages\/404\/revisions\/1832"}],"wp:attachment":[{"href":"https:\/\/casapolska.com\/super\/wp-json\/wp\/v2\/media?parent=404"}],"curies":[{"name":"wp","href":"https:\/\/api.w.org\/{rel}","templated":true}]}}