{"id":152,"date":"2025-02-08T23:09:38","date_gmt":"2025-02-08T22:09:38","guid":{"rendered":"https:\/\/casapolska.com\/empresas\/?page_id=152"},"modified":"2025-02-08T23:09:39","modified_gmt":"2025-02-08T22:09:39","slug":"expectativas-en-casa-polska","status":"publish","type":"page","link":"https:\/\/casapolska.com\/empresas\/expectativas-en-casa-polska\/","title":{"rendered":"Expectativas en Casa Polska"},"content":{"rendered":"\n<p>En Casa Polska, queremos asegurarnos de que cada visitante, sea hu\u00e9sped o empresa, tenga una experiencia aut\u00e9ntica y enriquecedora. Sin embargo, es fundamental comprender que Casa Polska no es un hotel, ni un hostal, ni un alojamiento tradicional. Se trata de una casa de campo ubicada en una zona rural, con todo lo que ello implica.<\/p>\n\n\n<div class=\"wp-block-image\">\n<figure class=\"aligncenter size-large\"><img loading=\"lazy\" decoding=\"async\" width=\"1024\" height=\"576\" src=\"https:\/\/casapolska.com\/empresas\/wp-content\/uploads\/sites\/5\/2025\/02\/casa-polska-exterior-1-1024x576.jpg\" alt=\"\" class=\"wp-image-154\" srcset=\"https:\/\/casapolska.com\/empresas\/wp-content\/uploads\/sites\/5\/2025\/02\/casa-polska-exterior-1-1024x576.jpg 1024w, https:\/\/casapolska.com\/empresas\/wp-content\/uploads\/sites\/5\/2025\/02\/casa-polska-exterior-1-300x169.jpg 300w, https:\/\/casapolska.com\/empresas\/wp-content\/uploads\/sites\/5\/2025\/02\/casa-polska-exterior-1-768x432.jpg 768w, https:\/\/casapolska.com\/empresas\/wp-content\/uploads\/sites\/5\/2025\/02\/casa-polska-exterior-1-1536x864.jpg 1536w, https:\/\/casapolska.com\/empresas\/wp-content\/uploads\/sites\/5\/2025\/02\/casa-polska-exterior-1-2048x1152.jpg 2048w\" sizes=\"auto, (max-width: 1024px) 100vw, 1024px\" \/><figcaption class=\"wp-element-caption\"><strong>Casa Polska se encuentra ubicado entre campos de cultivo, y no es un alojamiento tradicional.<\/strong><\/figcaption><\/figure>\n<\/div>\n\n\n<p>La vida en el campo es diferente a la vida en la ciudad. Aqu\u00ed, la naturaleza marca el ritmo y las condiciones ambientales forman parte del d\u00eda a d\u00eda. Es importante que quienes elijan alojarse en Casa Polska lo hagan con una mentalidad abierta y con una disposici\u00f3n a adaptarse a las caracter\u00edsticas del entorno. Esto incluye elementos como:<\/p>\n\n\n\n<ul class=\"wp-block-list\">\n<li>La presencia de insectos y otros animales propios de la naturaleza.<\/li>\n\n\n\n<li>Un clima que puede ser caluroso en algunos momentos y lluvioso en otros.<\/li>\n\n\n\n<li>El polvo y el viento, que son parte del paisaje natural.<\/li>\n\n\n\n<li>Una infraestructura que, aunque c\u00f3moda, no sigue los est\u00e1ndares de un alojamiento urbano o comercial.<\/li>\n<\/ul>\n\n\n\n<p>Entender y aceptar estas condiciones es clave para disfrutar verdaderamente de la experiencia en Casa Polska. No luchamos contra la naturaleza ni pretendemos modificar sus ciclos, sino que los abrazamos y convivimos con ellos. Por eso, pedimos a cada visitante que ponga su grano de arena en esta experiencia: adaptarse, disfrutar y respetar el entorno en el que se encuentra.<\/p>\n\n\n\n<p>Si buscas un espacio para desconectarte, conectar con la naturaleza y vivir una experiencia genuina en el campo, Casa Polska es para ti. Pero si lo que esperas es un servicio tradicional de hoteler\u00eda, quiz\u00e1s este no sea el lugar adecuado para tu estad\u00eda.<\/p>\n\n\n\n<p>En Casa Polska, la verdadera riqueza radica en la simplicidad y en la capacidad de adaptarse al entorno natural. Te invitamos a venir con la mente abierta y el esp\u00edritu preparado para disfrutar de todo lo que este espacio tiene para ofrecer.<\/p>\n\n\n\n<p>Esta secci\u00f3n de expectativas deber\u00e1 ser compartida con todo el equipo de la empresa que anhela el hospedaje. Es importante comprometerse a ese respeto con la naturaleza y no estar luchando contra ella, creando un ambiente de c\u00f3lera y sin simpat\u00eda.<\/p>\n","protected":false},"excerpt":{"rendered":"<p>En Casa Polska, queremos asegurarnos de que cada visitante, sea hu\u00e9sped o empresa, tenga una experiencia aut\u00e9ntica y enriquecedora. Sin embargo, es fundamental comprender que Casa Polska no es un hotel, ni un hostal, ni un alojamiento tradicional. Se trata de una casa de campo ubicada en una zona rural, con todo lo que ello [&hellip;]<\/p>\n","protected":false},"author":1,"featured_media":154,"parent":0,"menu_order":0,"comment_status":"closed","ping_status":"closed","template":"","meta":{"footnotes":""},"class_list":["post-152","page","type-page","status-publish","has-post-thumbnail","hentry"],"_links":{"self":[{"href":"https:\/\/casapolska.com\/empresas\/wp-json\/wp\/v2\/pages\/152","targetHints":{"allow":["GET"]}}],"collection":[{"href":"https:\/\/casapolska.com\/empresas\/wp-json\/wp\/v2\/pages"}],"about":[{"href":"https:\/\/casapolska.com\/empresas\/wp-json\/wp\/v2\/types\/page"}],"author":[{"embeddable":true,"href":"https:\/\/casapolska.com\/empresas\/wp-json\/wp\/v2\/users\/1"}],"replies":[{"embeddable":true,"href":"https:\/\/casapolska.com\/empresas\/wp-json\/wp\/v2\/comments?post=152"}],"version-history":[{"count":1,"href":"https:\/\/casapolska.com\/empresas\/wp-json\/wp\/v2\/pages\/152\/revisions"}],"predecessor-version":[{"id":155,"href":"https:\/\/casapolska.com\/empresas\/wp-json\/wp\/v2\/pages\/152\/revisions\/155"}],"wp:featuredmedia":[{"embeddable":true,"href":"https:\/\/casapolska.com\/empresas\/wp-json\/wp\/v2\/media\/154"}],"wp:attachment":[{"href":"https:\/\/casapolska.com\/empresas\/wp-json\/wp\/v2\/media?parent=152"}],"curies":[{"name":"wp","href":"https:\/\/api.w.org\/{rel}","templated":true}]}}