{"id":127,"date":"2025-02-07T21:32:10","date_gmt":"2025-02-07T20:32:10","guid":{"rendered":"https:\/\/casapolska.com\/empresas\/?page_id=127"},"modified":"2025-02-07T21:34:18","modified_gmt":"2025-02-07T20:34:18","slug":"condiciones-del-servicio-de-comida","status":"publish","type":"page","link":"https:\/\/casapolska.com\/empresas\/condiciones-del-servicio-de-comida\/","title":{"rendered":"Condiciones del Servicio de Comida"},"content":{"rendered":"\n<div class=\"wp-block-columns is-layout-flex wp-container-core-columns-is-layout-9d6595d7 wp-block-columns-is-layout-flex\">\n<div class=\"wp-block-column is-layout-flow wp-block-column-is-layout-flow\">\n<p>Para contratar el servicio de comida, se requiere un <strong>m\u00ednimo de 3 personas por d\u00eda<\/strong> y la elecci\u00f3n de al menos <strong>2 comidas diarias<\/strong> (desayuno, almuerzo o cena).<\/p>\n\n\n\n<h3 class=\"wp-block-heading\"><strong>Requisitos del Servicio<\/strong><\/h3>\n\n\n\n<p>\u2705 <strong>M\u00ednimo de personas:<\/strong> 3 personas por d\u00eda.<br>\u2705 <strong>M\u00e1ximo de personas:<\/strong> 6 personas por d\u00eda.<br>\u2705 <strong>M\u00ednimo de comidas:<\/strong> 2 comidas diarias (desayuno, almuerzo o cena).<\/p>\n\n\n\n<h3 class=\"wp-block-heading\"><strong>Pol\u00edtica de Flexibilidad y Reembolsos<\/strong><\/h3>\n\n\n\n<p>El servicio de comida ofrece cierta <strong>flexibilidad<\/strong>, pero bajo las siguientes condiciones:<\/p>\n\n\n\n<p>\ud83d\udd39 Si el grupo inicial es de <strong>5 o 6 personas<\/strong>, pero en alg\u00fan momento <strong>se reduce a 3 personas<\/strong>, se otorgar\u00e1 <strong>reembolso solo por las 2 personas faltantes<\/strong>.<br>\ud83d\udd39 <strong>No habr\u00e1 reembolsos<\/strong> si el n\u00famero de personas desciende <strong>por debajo de 3<\/strong>. En este caso, el pago m\u00ednimo se mantendr\u00e1 como si hubieran comido <strong>3 personas<\/strong>.<\/p>\n\n\n\n<p>\ud83d\udca1 <strong>Ejemplo:<\/strong><br>Si inicialmente contratan el servicio para 5 personas y luego solo 3 asisten, se reembolsar\u00e1 el costo de las 2 personas faltantes. Sin embargo, si solo 1 o 2 personas se presentan, el pago m\u00ednimo seguir\u00e1 siendo el equivalente a <strong>3 personas<\/strong>.<\/p>\n\n\n\n<p>Estas condiciones aseguran la viabilidad operativa del servicio y permiten mantener un est\u00e1ndar de calidad en la alimentaci\u00f3n ofrecida.<\/p>\n<\/div>\n\n\n\n<div class=\"wp-block-column is-layout-flow wp-block-column-is-layout-flow\"><div class=\"wp-block-image\">\n<figure class=\"aligncenter size-large is-resized\"><img loading=\"lazy\" decoding=\"async\" width=\"768\" height=\"1024\" src=\"http:\/\/casapolska.com\/empresas\/wp-content\/uploads\/sites\/5\/2025\/02\/cena-768x1024.jpg\" alt=\"Condiciones del Servicio de Comida\" class=\"wp-image-119\" style=\"width:310px;height:auto\" srcset=\"https:\/\/casapolska.com\/empresas\/wp-content\/uploads\/sites\/5\/2025\/02\/cena-768x1024.jpg 768w, https:\/\/casapolska.com\/empresas\/wp-content\/uploads\/sites\/5\/2025\/02\/cena-225x300.jpg 225w, https:\/\/casapolska.com\/empresas\/wp-content\/uploads\/sites\/5\/2025\/02\/cena-1152x1536.jpg 1152w, https:\/\/casapolska.com\/empresas\/wp-content\/uploads\/sites\/5\/2025\/02\/cena-1536x2048.jpg 1536w, https:\/\/casapolska.com\/empresas\/wp-content\/uploads\/sites\/5\/2025\/02\/cena-scaled.jpg 1920w\" sizes=\"auto, (max-width: 768px) 100vw, 768px\" \/><\/figure>\n<\/div><\/div>\n<\/div>\n","protected":false},"excerpt":{"rendered":"<p>Para contratar el servicio de comida, se requiere un m\u00ednimo de 3 personas por d\u00eda y la elecci\u00f3n de al menos 2 comidas diarias (desayuno, almuerzo o cena). Requisitos del Servicio \u2705 M\u00ednimo de personas: 3 personas por d\u00eda.\u2705 M\u00e1ximo de personas: 6 personas por d\u00eda.\u2705 M\u00ednimo de comidas: 2 comidas diarias (desayuno, almuerzo o [&hellip;]<\/p>\n","protected":false},"author":1,"featured_media":121,"parent":0,"menu_order":0,"comment_status":"closed","ping_status":"closed","template":"","meta":{"footnotes":""},"class_list":["post-127","page","type-page","status-publish","has-post-thumbnail","hentry"],"_links":{"self":[{"href":"https:\/\/casapolska.com\/empresas\/wp-json\/wp\/v2\/pages\/127","targetHints":{"allow":["GET"]}}],"collection":[{"href":"https:\/\/casapolska.com\/empresas\/wp-json\/wp\/v2\/pages"}],"about":[{"href":"https:\/\/casapolska.com\/empresas\/wp-json\/wp\/v2\/types\/page"}],"author":[{"embeddable":true,"href":"https:\/\/casapolska.com\/empresas\/wp-json\/wp\/v2\/users\/1"}],"replies":[{"embeddable":true,"href":"https:\/\/casapolska.com\/empresas\/wp-json\/wp\/v2\/comments?post=127"}],"version-history":[{"count":1,"href":"https:\/\/casapolska.com\/empresas\/wp-json\/wp\/v2\/pages\/127\/revisions"}],"predecessor-version":[{"id":129,"href":"https:\/\/casapolska.com\/empresas\/wp-json\/wp\/v2\/pages\/127\/revisions\/129"}],"wp:featuredmedia":[{"embeddable":true,"href":"https:\/\/casapolska.com\/empresas\/wp-json\/wp\/v2\/media\/121"}],"wp:attachment":[{"href":"https:\/\/casapolska.com\/empresas\/wp-json\/wp\/v2\/media?parent=127"}],"curies":[{"name":"wp","href":"https:\/\/api.w.org\/{rel}","templated":true}]}}